
2707
Calculate the greatest common factor of 298586017 and 4581.
509
What is the greatest common factor of 269322130 and 66?
22
Calculate the greatest common divisor of 5136560028 and 7884.
7884
What is the greatest common factor of 20997895 and 13135?
355
What is the greatest common factor of 2120975 and 142056?
1973
What is the greatest common factor of 74225 and 11350?
25
Calculate the highest common divisor of 8912 and 544189.
557
Calculate the highest common divisor of 2679 and 7303377.
141
Calculate the greatest common factor of 54 and 5997213.
27
Calculate the highest common factor of 174326 and 880518.
202
Calculate the highest common divisor of 33463962 and 90.
18
What is the highest common factor of 1282687 and 1426?
713
Calculate the highest common factor of 22321 and 25480078.
1313
Calculate the greatest common divisor of 25665985 and 775.
155
Calculate the greatest common divisor of 2730321 and 2175.
87
What is the highest common divisor of 49650861 and 39?
39
Calculate the greatest common factor of 434304 and 1482.
78
What is the greatest common factor of 108 and 2687436?
36
Calculate the greatest common divisor of 14915 and 42031255.
785
Calculate the highest common divisor of 352806 and 2947458.
2778
What is the greatest common factor of 660 and 312462260?
220
Calculate the highest common divisor of 7237315 and 490.
5
What is the greatest common divisor of 138957346 and 11888?
1486
Calculate the greatest common factor of 1525 and 721081.
61
What is the highest common factor of 746971 and 1621777?
691
What is the greatest common divisor of 148129 and 1336?
167
Calculate the highest common factor of 54696 and 787674.
258
What is the greatest common factor of 783984 and 3072?
48
Calculate the greatest common divisor of 110903834 and 316.
158
Calculate the highest common divisor of 63 and 1481441787.
63
Calculate the greatest common factor of 319015 and 950.
5
Calculate the greatest common factor of 335934 and 6077917.
6221
What is the highest common divisor of 339456 and 51374?
34
What is the greatest common divisor of 27960341 and 207?
23
Calculate the highest common factor of 4037 and 1151986.
11
What is the greatest common factor of 6356 and 6669714?
454
Calculate the greatest common divisor of 3132 and 43097364.
1044
What is the highest common divisor of 1326918 and 7089?
51
What is the highest common divisor of 492 and 81995572?
164
What is the greatest common factor of 5608174 and 1144?
286
What is the greatest common divisor of 145 and 23896?
29
What is the highest common divisor of 1190 and 1288259490?
1190
What is the greatest common divisor of 34815 and 101280?
3165
What is the greatest common factor of 33021035 and 248370?
2435
What is the highest common divisor of 60854034 and 4892?
2446
What is the highest common divisor of 23040 and 8531280?
720
Calculate the greatest common divisor of 702 and 2548395.
27
What is the highest common divisor of 9805 and 4445587?
1961
Calculate the greatest common factor of 12776245 and 46295.
235
Calculate the highest common divisor of 3962 and 474320.
14
Calculate the greatest common factor of 10216 and 41116846.
2554
Calculate the greatest common factor of 28533450 and 55.
55
Calculate the greatest common divisor of 357368 and 3286.
62
Calculate the highest common divisor of 6495 and 11835.
15
What is the highest common factor of 651 and 692447?
217
Calculate the highest common divisor of 472 and 1194040.
8
Calculate the greatest common factor of 461852080 and 141.
47
Calculate the highest common factor of 423 and 577959.
141
What is the greatest common factor of 112 and 165669?
7
Calculate the greatest common factor of 15 and 128736135.
15
What is the highest common divisor of 14410191 and 6?
3
Calculate the greatest common factor of 258937 and 3942407.
3647
Calculate the highest common divisor of 26524321 and 5855.
1171
What is the greatest common factor of 3956 and 1975678?
86
What is the greatest common divisor of 27834240 and 3584?
896
Calculate the highest common divisor of 1758180 and 168.
12
What is the greatest common divisor of 2049812 and 51379?
191
What is the highest common factor of 18899280 and 15840?
720
Calculate the highest common factor of 75699 and 46917.
117
Calculate the greatest common divisor of 45655279 and 514.
257
What is the highest common divisor of 16206531 and 231?
33
What is the greatest common divisor of 487625 and 4630487?
3901
What is the highest common divisor of 73915471 and 4116?
343
What is the greatest common divisor of 48 and 133079064?
24
What is the highest common divisor of 1970956 and 12644?
116
What is the highest common divisor of 127205 and 15965?
515
What is the highest common factor of 2099034 and 24063?
1851
What is the highest common divisor of 192272 and 148108?
244
What is the highest common divisor of 384208 and 157058?
1298
What is the greatest common divisor of 3841686 and 13862?
478
Calculate the greatest common factor of 13608 and 6371946.
3402
What is the greatest common divisor of 11450 and 1325?
25
What is the highest common divisor of 36 and 439475742?
18
What is the highest common factor of 941 and 162908743?
941
What is the highest common divisor of 6188 and 134319822?
3094
Calculate the greatest common divisor of 4370 and 1618287038.
874
Calculate the greatest common factor of 6780 and 13841031.
339
Calculate the greatest common factor of 507653 and 74227.
373
Calculate the highest common factor of 509 and 4839.
1
Calculate the highest common divisor of 4312 and 39893546.
1078
Calculate the highest common factor of 450600080 and 2485.
2485
Calculate the greatest common divisor of 1456 and 19809088.
208
What is the highest common factor of 9 and 184934781?
9
Calculate the highest common factor of 735310 and 460230.
5290
Calculate the highest common factor of 455396 and 1213062.
362
Calculate the greatest common divisor of 3324867252 and 9492.
9492
Calculate the greatest common factor of 15230208 and 768.
768
Calculate the greatest common divisor of 4388463 and 90.
9
What is the greatest common factor of 352 and 13081008?
16
What is the greatest common divisor of 562336 and 1600?
32
What is the greatest common divisor of 1242353 and 703?
19
Calculate the highest common divisor of 2394 and 101402.
14
Calculate the greatest common divisor of 4568 and 457504.
8
Calculate the greatest common divisor of 3343901 and 2277.
253
Calculate the greatest common factor of 1121549624 and 962.
962
Calculate the highest common divisor of 7068 and 2564088.
228
Calculate the greatest common divisor of 2220940 and 100.
20
What is the highest common divisor of 31251 and 37577907?
2841
What is the greatest common factor of 1158633 and 4893?
21
What is the greatest common divisor of 17093336 and 50024?
1352
What is the highest common factor of 86 and 804319429?
43
Calculate the greatest common factor of 14789823 and 32451.
1119
Calculate the highest common factor of 75076 and 64527.
137
Calculate the highest common divisor of 2652 and 1492140.
156
Calculate the greatest common divisor of 3466 and 39687433.
1733
Calculate the highest common divisor of 977 and 1507840249.
977
Calculate the greatest common divisor of 661329 and 498213.
1773
Calculate the highest common factor of 1432 and 1868581.
179
Calculate the highest common factor of 101844959 and 1444.
361
Calculate the greatest common factor of 432 and 68967.
9
Calculate the greatest common factor of 32822115 and 7095.
645
What is the highest common factor of 29061486 and 32304?
4038
What is the highest common divisor of 60900076 and 115052?
2348
Calculate the greatest common factor of 678843 and 2493.
9
Calculate the highest common factor of 19208530 and 620.
310
Calculate the greatest common divisor of 492 and 3500498.
82
What is the highest common factor of 182 and 852530?
14
What is the highest common factor of 795030593 and 7?
7
What is the greatest common divisor of 366525 and 17275?
25
What is the highest common factor of 173360 and 7370?
110
Calculate the highest common divisor of 67400 and 2710491.
337
What is the highest common divisor of 2850519065 and 9419?
9419
What is the greatest common factor of 35 and 3869765?
5
Calculate the greatest common divisor of 2535 and 9690